73)))
80
Evaluate (18 - (-89 + 73)) + -39 - (1 + -83 + -1).
78
Evaluate 27 - (-15 + (11 - 12) - -33) - (-63 + 1).
72
What is the value of 297 + -315 - (6 - 2 - -4)?
-26
14 + (14 + -14 - (-6 + 54))
-34
What is (19 - 117) + 87 + (6 - 4 - -36)?
27
Evaluate 54 - (8 - (14 + -9 + 1 + -5 + 14)).
61
131 + -29 + -26 - 50
26
Calculate (23 - 7) + (-30 - -3) - (77 + (3 - 8)).
-83
What is (-38 - -19) + 18 + 16 + -7?
8
What is the value of -65 + (22 - (52 - 38))?
-57
(13 - (1 - -41 - (281 + -267)) - -11) + -60
-64
Evaluate -21 - (-12 + -32 + 18 + 22 - 2).
-15
64 + (-10 - -127 - 157)
24
-107 + (-38 - ((-19 + -7 - -14) + -8))
-125
What is the value of -2 - (-8 + (27 - (0 + 14 + -13)))?
-20
Calculate (-985 - -1020) + 4 + -18.
21
-17 + (12 - 9) - -32 - -7
25
Evaluate 5 + 10 - ((46 - 29) + -6).
4
What is the value of 11 + 9 + 1 + -21 + -9 - -16?
7
What is 29 - (58 + -1) - (-9 - (4 - 4))?
-19
74 + (-4 - 23) + -105
-58
Evaluate -42 + (6 - (3 + (-10 - -5))) + -2.
-36
What is 27 + -30 - 9 - -48?
36
Calculate -2 - (-7 - (9 + -29)) - -11 - -13.
9
(-13 - -4) + (-28 - -20) - -13
-4
Calculate 27 + (-3 - (8 - (-3 - (3 - 6)))).
16
Evaluate 7 + (7 + -6 + -10 - 5) + 45.
38
Calculate -43 - (92 + 42 + -96).
-81
What is (-8 - -12) + 7 + (14 - 15) - -38?
48
-68 + (144 - 42) + (1 - -25)
60
Calculate 45 + (215 - 171) + -50 + 8.
47
Calculate ((11 - 30) + 39 - 15) + (0 - -7) - -110.
122
Calculate 230 + (-79 - (140 + -133)).
144
-1106 + 1194 + (-2 - 6) + (-8 - (-1 - 1))
74
Calculate (75 - (15 - 44)) + -3 - (0 + 20).
81
Calculate -116 - ((-37 + 1 - -44) + -9).
-115
What is the value of -72 + (268 - 270 - (-24 + -2)) - (15 - 0)?
-63
Calculate -34 + (8 + -6 + -14 + 21 - 11).
-36
What is the value of (3 - -7) + -26 + -21 + (0 - -10)?
-27
Evaluate 6 - ((8 - -11 - -6) + 1).
-20
-38 - (-79 - -10) - 63
-32
56 + 46 + -77 + -7
18
(33 - (-6 - 2)) + 18 + -2 + -8 + 2
51
10 + 0 + 14 + (1 - (-7 - -36) - -16)
12
Evaluate -2 + (-23 + -10 - -17).
-18
What is 7 + (-12 - (-23 - 6) - -5)?
29
What is the value of 33 + (27 - 16) + -66 + -27?
-49
What is 3 + (9 - 21 - (0 - (-77 - 6)))?
-92
Calculate -2 + 54 + -1407 + 1360.
5
Calculate (-8 - 5) + (62 - (2 - -5)) + 11.
53
What is (112 - 238) + 67 + (2 - -1)?
-56
Calculate -520 + 521 + 7 + 1 + (2 - 56).
-45
Evaluate 58 + -46 + -54 + 0.
-42
Evaluate (-64 - 40) + 81 + -108.
-131
Evaluate -16 - (-129 + 29 + -12).
96
Evaluate 26 + -16 + -39 + 95 - (-2 - (-1 + 1)).
68
What is -4 + (4 - (-5 - -5)) - (8 - (31 + -10))?
13
What is the value of (-9 - (-17 - (5 + -15)) - 5) + -3 - -59?
49
Evaluate (-17 - -13) + (74 - 1) - (-10 - -6 - 4).
77
Evaluate (68 + -124 - 90) + (31 - -1).
-114
Calculate -145 - -237 - 95 - (-23 + (-1 - 0)).
21
(-16 - 5) + 3 - (7 + -9 - -45)
-61
Calculate (-20 - -22) + 21 + -2 + -20.
1
Calculate 69 - (54 + (16 - 42)).
41
What is 4 - 71 - (-296 + 191)?
38
What is -10 + -13 + (46 - 16) + (-6 - -28)?
29
What is (5 - (-15 - -34)) + (-2 - -5) + 25?
14
What is the value of -12 + (19 - (-19 + 27 - 1)) - 1?
-1
What is the value of 276 + -407 - (-40 - 196)?
105
What is the value of -33 + (-10 - -36 - 41) - -36?
-12
What is the value of 50 - 54 - ((-13 + -1 - 41) + 14)?
37
Calculate (-4 - (-14 + 1) - (11 - -7)) + (17 - -23).
31
Calculate -24 + (-40 + 51 - -54).
41
-21 + -11 + -32 + 27 - (-1 - 1)
-35
Evaluate -69 - ((57 - 23) + -105).
2
Calculate 3 + 0 + -8 + (6 - (-12 + -8)).
21
Calculate (56 - (28 + -18 + 10)) + -25.
11
-13 + -55 - (-1332 - -1350)
-86
What is the value of -376 + 352 - (-7 + -22)?
5
-4 + 2 + -59 - (578 + -577 - (-1 - -4))
-59
53 + (-13 - -3) + -20 + (-17 - -34)
40
Calculate 18 + (-76 - (-20 + (15 - -12))).
-65
What is the value of -5 + -1 - (25 + -1 - (879 - 899))?
-50
What is -47 + 1 - (0 + -17 + 19) - 8?
-56
What is (-87 - (-161 - -93)) + -1 + 16 - -122?
118
Evaluate 14 + -39 + -13 + 44 + -23.
-17
What is the value of (-13 - 0) + (280 - -1 - 314)?
-46
What is the value of (-27 - 1) + (-1 - (-15 - -21)) + 19 + -6?
-22
What is -4 + (-1 - -6) - (69 - 77) - (5 + -16)?
20
What is the value of (30 - 71) + 47 - -20?
26
What is (5 - (-1 - -11 - (144 - 139))) + -31?
-31
Evaluate -67 - (3 + -16 + -26 + 23).
-51
What is the value of 21 + -15 - (7 + -12 + -4) - 58?
-43
Calculate -15 + 5 + (-3 - 15 - (73 + -88) - 2).
-15
-1 + (0 - -22) + -166 + 232 + -60
27
What is the value of 48 - (22 - (11 - -29))?
66
Evaluate 75 - (-30 + 36 + -18) - (19 + -1).
69
Evaluate (-521 - -509 - (-3 - (-4 - (2 - 4)))) + 7.
-4
Calculate 36 - (2 - -9) - (12 - (26 - 14)).
25
What is the value of (-62 - -5) + (84 - 112 - -34)?
-51
Calculate (3 - (2 + 47 - (49 - 60))) + -2.
-59
Evaluate 116 - 14 - 23 - 49.
30
Evaluate 1 + -31 + 44 + -12 + -14.
-12
Evaluate (-308 - -328) + -2 + -112 + -1.
-95
What is (43 - 105 - -68) + (-12 - 1)?
-7
-44 + 29 + 79 + (-12 - (-2 - -4))
50
What is the value of (-87 - 2) + (4 - -53) + -36?
-68
7 + 20 + (-144 - (-104 - -50))
-63
What is (-25 - (-4 - 75)) + -74?
-20
-6 + (66 - -2 - (1 + 15 + -23) - -1)
70
What is the value of (39 - 80) + (21 - (7 - 6))?
-21
(11 - 6) + 23 + 34 + -55
7
What is the value of (-6 - 22) + 201 + -175?
-2
What is 148 - (-10 - (46 + -10 + -75))?
119
What is the value of 37 + 0 - ((-20 - -29) + -1)?
29
What is 31 + -1 + (16 - (-23 + -20 + 60))?
29
What is the value of 15 - ((-14 - 38) + 81)?
-14
Evaluate -11 - 203 - (-845 + 732).
-101
15 - (-46 + 4 + 17 + -18 - 0)
58
What is the value of 13 + -20 - (41 + -38) - (66 + -3)?
-73
What is 9 - (-1 + 0 - (8 + -6 + -1) - 1)?
12
Calculate -72 + 11 - ((-19 + -6 - -11) + 2).
-49
Evaluate (28 - 3) + 3 + -15 + 2 + -18 + 26.
23
What is the value of (10 - (8 - (-18 - (11 + 2 + -18)))) + 20?
9
1 + 8 + (10 - 4) + 7 + 10 - -7
39
What is -37 + 98 + 1 - 110?
-48
Calculate -60 - (-6 + 4 - (38 + -22)).
-42
What is the value of (-80 - 11 - -37) + 27?
-27
What is the value of 117 - (-49 + 74 - (3 + 15))?
110
Calculate -3 - ((-11 - -38) + 7).
-37
9 - (-46 + (6 - -17 - 8) + -7 + -2)
49
(111 - 16) + -338 + 277
34
Evaluate -25 + (-16 - -30 - 8) + 30.
11
162 + -133 + -84 + (3 - -7)
-45
3 + -33 + 108 + -94
-16
What is the value of 15 + 21 + 88 - 37?
87
0 + 47 + -4758 + 4700
-11
5 + (-55 - -34 - -56 - 131)
-91
-14 - (32 + 17 + -26)
-37
What is 8 + 2 - (-17 + 15 - -3)?
9
(57 - (97 - 0)) + 5
-35
(31 - -5) + -11 + -10 + -15 - (74 + 0)
-74
Evaluate (8 + -7 - -10) + (-5 - -11).
17
What is (-17 - (-38 - (-3 - (-18 - 0)))) + 13?
49
-49 - -118 - (143 - -14)
-88
Evaluate -26 + 217 - 115 - 55.
21
What is the value of -4 - (-63 + (-67 - -131))?
-5
Calculate -19 - (-123 + -5) - 168.
-59
What is the value of (-30 - (-10 + 15)) + -9 + 13 + 4?
-27
What is (12 - (20 - (-37 + 41))) + 115 + -1?
110
What is 22 + -1 - (-94 + 106) - 2 - -14?
21
Calculate 105 + -72 + -56 + 70.
47
Evaluate (70 - 0) + (9506 - 9545).
31
Evaluate (-643 - -659) + (-22 - -1) + 1 + 14 + 47.
57
-150 - (41 + -172 + 103)
-122
Evaluate (-1 - 32) + 21 - (7 + -10 + 11).
-20
Evaluate 0 + (5 - 13) + (7 - 10) + (-3 - 7).
-21
23 - (63 - 26) - (-9 - 1) - 57
-61
What is the value of 28 - (32 + (-35 - -59))?
-28
Calculate 23 + 8 + (125 - 185).
-29
What is the value of 252 + -271 + -3 + 1 + -2 - (-18 - -25)?
-30
What is the value of (4 - (-22 - -36)) + (-5 - 0) - -80?
65
What is 69 + -40 + -30 + 20?
19
Calculate -8 + -39 + (311 - 357).
-93
-1920 + 1969 + (70 - 0)
119
What is the value of 0 + -59 - (-2373 + 2376)?
-62
Evaluate 33 + -43 + -42 + 55 + -19 + 0.
-16
Calculate 3 + (-5 - 70) + -1 - (-8 - 6).
-59
198 - 319 - (-57 - -4)
-68
What is -19 + -3 - (-19 + (37 - (7 - -7)))?
-26
Calculate 36 - (46 + 53 - 31).
-32
-56 + 22 + 106 + -52
20
What is (47 - (-9 + 74 + -29)) + -1 + -76?
-66
Calculate (-8 - -32) + (-68 - (-25 - 23)).
4
Evaluate -5 + (14 + -1 - (184 + -207)).
31
Calculate -10 - (22 - 39) - (-11 - 3) - 126.
-105
What is -35 - -49 - -65 - 93?
-14
What is the value of (-16 - -1) + (1561 - 1554) + (-5 - -4 - -48)?
39
What is (13 - 10) + -32 + 80?
51
Calculate -16 + -4 - ((-90 - -26) + 42).
2
What is -16 - (9 - (8 + (9 + -5 + -7 - -4)))?
-16
Evaluate 123 + -220 + 106 - (17 + -2).
-6
What is the value of -51 + -48 + -10 + 44?
-65
Calculate 2 + 7 + -4 - 11 - (-36 - (-18 + -18)).
-6
What is the value of 0 - (-2 - 3) - (-12 - 28 - -40) - -14?
19
Evaluate 163 + -186 + 2 + 22 + -10.
-9
Calculate 271 + -242 - (4 + 0).
25
What is the value of (19 - (-56 + 66)) + (8 - (0 +